4*k(p) - 2*o(p). Determine b(n).
8
Let b(t) be the first derivative of t**2/2 - 5*t - 1. Suppose 0 = 4*k - 3*z - 37, -4*z + 8*z + 16 = 2*k. Suppose -k*y + 135 = 17*y. Give b(y).
0
Let n(l) be the third derivative of l**6/120 + 7*l**5/30 + 25*l**4/24 + 3*l**3 - 4*l**2 - 45. Determine n(-12).
6
Let z(s) = -s**2 + 43 - 13 - 5*s + 2*s**2 - 26. Let b = -1 - -4. Let t be (6/4)/(b/14). Calculate z(t).
18
Let r(i) = 107 - 32 - 2*i - 66 + 0*i. What is r(3)?
3
Let b(v) = -v**3 + 6*v**2 + 7*v + 1. Suppose -100 = -15*d + 10*d. Suppose -4*k = 8, 8*k - 12*k = 4*x - d. What is b(x)?
1
Let j(g) = 79*g**2 + 22*g + 9. Let a be j(5). Let v(k) = -a + 2094 + 18*k. Determine v(-1).
-18
Let k(i) = -6*i + 27. Suppose -5*q = 5*a - 2 + 7, 17 = -5*a - 2*q. Let f(z) = z - 4. Let c(m) = a*f(m) - k(m). Determine c(0).
-7
Suppose -2*r - 28 = 4*s, r - 17 = s - 37. Let g(y) = y + 18. Let z be g(r). Let o(b) = b**3 + b**2 - 17. Determine o(z).
-17
Suppose 0 = 92*n - 76*n - 128. Let t(g) = 2*g**3 - 17*g**2 + 6*g + 19. Calculate t(n).
3
Let p(o) = 19*o**2 - 9*o - 63. Let y(l) = 54*l**2 - 25*l - 186. Let t(w) = 17*p(w) - 6*y(w). What is t(-9)?
-9
Let i(w) = 2*w**2 + 16*w + 17. Let u be i(-7). Suppose 0 = -4*j - u*q - 7, -j + 2*q + 12 = -0*j. Let y(k) = -2*k + 3 - 4*k + 2*k**2 + 2*k. Calculate y(j).
3
Let s(i) = -i**3 - 6. Let v = 0 - 0. Suppose -h - 3*y - 3 = v, 1 = y + 2. Determine s(h).
-6
Let z be (0/13)/(3 + (2 - 6)). Let w(p) = -1. Let v(j) = j + 13. Let i(x) = -v(x) - 2*w(x). What is i(z)?
-11
Let h(i) = -2*i**2 + 3*i - 4. Let y(l) = 28*l - 166. Let s be -18*((-57)/9 + 6). Let n be y(s). Give h(n).
-6
Let l(f) = -3*f + 5. Let j = -51 - -65. Suppose -4*g + a - j = -6*g, -g - 7 = -3*a. Determine l(g).
-10
Let h(d) = d**3 - 6*d**2 - 17*d + 14. Suppose 0 = -6*f + 52 - 4. Let u be h(f). Let j(n) = -n**3 + 7*n**2 - 6*n - 7. Calculate j(u).
-7
Let x be (-38)/(-209) - 180/22. Let n(c) = c + 43. Let r(t) = 2*t + 91. Let o(f) = -13*n(f) + 6*r(f). Calculate o(x).
-5
Let c(t) = t**3 - 9*t**2 + 4. Let d(n) = n**3 + 4*n**2 - 11*n + 13. Let w be d(-6). Give c(w).
-94
Let a(q) = -58*q. Let b be (48/(-14))/(-6) + 77/(-49). What is a(b)?
58
Let t(s) = -5*s - 7. Let u(g) = -3*g - 7. Let m(d) = -5*t(d) + 7*u(d). What is m(11)?
30
Let r = -105 - -130. Suppose 0 = 2*q - 2*m - 15 - 15, 5*m - r = -5*q. Let g(y) = -y + 6. What is g(q)?
-4
Let w(n) = 4*n**3 - 27*n**2 + 19*n - 2. Let c be w(6). Let f(u) = 2*u**2 - 11*u. What is f(c)?
-12
Let g(f) = 11*f + 705. Let n(y) = 10*y + 1066. Let d(c) = 3*g(c) - 2*n(c). Give d(8).
87
Let k(v) = -v**3 + 99*v + 88*v + 5 - 169*v - 15 - 12*v**2 - 9. Give k(-13).
-84
Let w(s) = 51*s + 7. Let r = 2 - -3. Let d(f) = -55*f + 19. Let m(o) = 28*o - 12. Let t(a) = 3*d(a) + 5*m(a). Let n(u) = r*t(u) + 2*w(u). Calculate n(-1).
22
Let r = -412 - -583. Let i = -165 + r. Let t(u) = u**3 - 6*u**2 - 3*u + 9. Calculate t(i).
-9
Let k(b) = 2*b**2 - 3*b - 2. Suppose 0 = -133*m + 132*m - 1. What is k(m)?
3
Let r(z) = 7*z + 4. Let q(v) = -6*v - 4. Let l(i) = 2*q(i) + 3*r(i). Suppose 244*p - 2*y = 238*p + 2, -11 = -5*p + 4*y. Calculate l(p).
-5
Let o(b) be the first derivative of 1/2*b**2 + 13*b - 94. Let q = -6 - 3. Calculate o(q).
4
Let w(o) = 5*o**2 - 2*o + 1. Let s(i) = -i**3 + 15*i**2. Let d(j) = s(j) - 3*w(j). Determine d(0).
-3
Let r(a) = -19*a + 3 - 16*a - 10*a + 46*a. Let n(q) = q**3 - q**2 - 45*q + 16. Let k be n(7). Calculate r(k).
-2
Suppose 0 = -5*w + 1089 + 651. Let b be (-11 - w/(-36))/(2/(-3)). Let v(s) be the third derivative of -s**4/6 + s**3/6 + s**2. Calculate v(b).
-7
Let c(l) = -l**2 - 13*l - 20. Let n be c(-11). Let m(u) = -6*u - 4*u**n + 306 - 306 - u**3. Let v(i) = -i**2 - 11*i + 8. Let r be v(-12). What is m(r)?
24
Let p(s) be the first derivative of 5*s**2 - 15*s + 2913. What is p(7)?
55
Let u(k) be the first derivative of -4*k**3/3 + k**2 + 13*k + 104. Let x(f) = -3*f**2 + f + 9. Let j(n) = -4*u(n) + 5*x(n). What is j(5)?
3
Let m(t) = 5*t**3 + 2*t**2 - t. Suppose 8*p - 5*p = 15. Suppose 5*f = -3*a + 32, 0 = -p*a + f - 3*f + 28. Let c be (-3)/a*28/(-21). What is m(c)?
6
Let g(u) = u**2 + 10*u - 93. Suppose 2778*n = 2801*n + 368. Give g(n).
3
Let m = -2200 + 2203. Let l(s) = s**2 - 3*s - 4. What is l(m)?
-4
Let h(n) be the first derivative of 4*n + 105 + 5/3*n**3 - 2*n**2 - 1/4*n**4. Suppose -3*z + 0*z = -2*t - 19, -3*z - t = -4. Give h(z).
10
Let l(c) = c + 13. Let t be l(-9). Let j = -3 + t. Let p(o) be the first derivative of o**4/2 + o + 3436. Calculate p(j).
3
Suppose -24*l = -21*l - l. Let d(m) = m**2 - m - 1. Determine d(l).
-1
Let v = 236 - 813. Let g = 569 + v. Let i(u) = u + 16. Give i(g).
8
Let b(k) be the second derivative of k**3/6 + k**2/2 + 2*k. Let p(s) = 6 - 5 + 5*s**2 + s**3 - 2*s - 15 + 4*s**2. Let f be p(-9). Determine b(f).
5
Suppose -a = -10*t + 9*t - 8, 0 = -5*a + 4*t + 35. Suppose -17*i + 80 = a*i. Let d(y) = 4 + 0*y**3 + 0 + y**3 - 5*y**2 + 4*y. What is d(i)?
4
Let r(y) = -y**3 - y**2 - y - 9. Suppose -17 - 19 = -o - 5*k, -2*o = 5*k - 67. Suppose 11*m - 46 = o. Suppose m*h = -4*h. Calculate r(h).
-9
Let a(b) = b + 102. Let c(q) = -2*q - 185. Let v(l) = -9*a(l) - 5*c(l). Suppose -4*g - 4*s + 20 = s, 4*s - 16 = -g. Calculate v(g).
7
Let j(k) = 2539*k**2 + 95 - 43*k + 67*k + k**3 - 2519*k**2. What is j(-19)?
0
Let q(l) = 4*l - 2. Suppose 8*d - 4*d - 56 = 0. Let m be -3 - (-7)/(d/6). Suppose 5*w + 4*i - 3 - 9 = m, 0 = 4*w - 3*i - 22. Determine q(w).
14
Let s(k) = k**2 + 11*k - 5. Let i(u) = -46*u + 330. Let h be i(11). Let p = -186 - h. Give s(p).
-15
Let n be 2 + -8 - (-2 + 0). Let r(l) = 36*l + 47. Let z(c) = -79*c - 104. Let b(g) = 24*r(g) + 11*z(g). Calculate b(n).
4
Let a(n) = 4*n**3 - 20*n**2 - 5*n + 25. Let y be a(5). Let w(d) = -2*d**2 - 2*d + 133. What is w(y)?
133
Let d(n) = -26*n - 1. Let m(j) = -48*j - 1. Let b(r) = -11*d(r) + 6*m(r). Let a(i) = -2*i**2 + 2*i - 2. Let c be a(2). Give b(c).
17
Let y(p) = p**2 - 53*p + 90. Suppose -863 = -72*b + 1915 + 894. What is y(b)?
-12
Let u(v) be the first derivative of 2*v**2 - 30*v - 935. Calculate u(11).
14
Let k be 82/(-8) + 246/984. Let v(b) = -b**2 - 13*b - 9. What is v(k)?
21
Let h(t) = -t**3 - 3*t**2 - t + 3. Let p = 20 + -19. Suppose 5*n - 9 = -5*i + p, -22 = 4*n - 2*i. Let d(f) = -f**2 - 4*f - 6. Let y be d(n). What is h(y)?
6
Suppose -58 - 12 = -14*p. Suppose -3*s = p*r - 35, 4*r - 3*s = -12 + 40. Let w(i) = i**3 - 7*i**2 - i + 8. Determine w(r).
1
Let x(f) = -f**3 + 5*f**2 + 16*f - 4. Suppose 0 = -3*t + 136 - 115. Give x(t).
10
Let y(j) = 2*j**3 - 2*j**2 - 1. Let i = 530 + -533. Let p be -7 + 6/3 - i. Calculate y(p).
-25
Let p(n) = 5*n + 104. Let c be p(-22). Let t(v) = 5*v - 3. Let a(z) = -1. Let m(q) = c*a(q) + t(q). What is m(4)?
23
Let z(f) = f**2 - 3*f - 1. Suppose -2*c = 5*b + 2*c + 2, -2*c = 2*b + 2. Suppose b*r - 18 = 12. Let m be ((-3)/(-15))/(6/10)*r. What is z(m)?
9
Let f be (2 + (-14)/2)*26/(-65). Let u(p) = -3*p + 9. Give u(f).
3
Let f(t) = -t**2 + 3*t - 3. Let l(m) = m**3 - 9*m**2 - 10*m + 95. Let a be l(9). What is f(a)?
-13
Let o(v) = v**2 + 2*v - 48. Let j be o(6). Suppose j = 2*k - 39 + 31. Let n(s) = s - 4. Calculate n(k).
0
Let w(v) = 7*v**2 - v**3 - v + 1 + 2*v**3 - 2*v**3. Let y(z) = 29*z - 3*z**2 - 17 + 15*z - 12*z + 6*z. Let x be y(12). What is w(x)?
-6
Suppose -4*i + 2*y - 5 + 13 = 0, -i + 6*y - 9 = 0. Let o(c) = 3*c + 6. Determine o(i).
15
Let a(j) = j**2 - j + 1. Let n(v) = -4*v**2 - 79*v - 7 - 5*v**2 + 87*v + 2*v**3. Let k(p) = -5*a(p) - n(p). Calculate k(2).
-4
Let c = 7 - 15. Suppose -39*y - 50 = -44*y. Let p(k) = y*k - 11*k + 12*k + 10 - 8*k. Calculate p(c).
-14
Let i(b) = 4*b - 4. Let t(y) be the first derivative of -y**2/2 - 6*y - 73. Let m be t(-12). What is i(m)?
20
Let w(k) = -10*k + 165. Let f be (255/(-340))/((-2)/40). Let z be w(f). Let i(b) = b**3 - 14*b**2 - 14*b - 15. What is i(z)?
0
Let f be 2 + 3 + 0*1/(-9). Let s(z) = -z**2 + 5*z + 8. Determine s(f).
8
Let s(p) = 9*p - 20*p + 5*p + 7*p. Let f be 42/(-7) + (-48)/8*1. Calculate s(f).
-12
Let s(n) be the first derivative of -n**5/60 + n**4/2 + 13*n**3/6 + 46*n**2 - 117. Let o(p) be the second derivative of s(p). What is o(13)?
0
Let z = -11981 - -11994. Let t(k) = k + 5. What is t(z)?
18
Let r(b) = b**3 + 13*b**2 - b - 19. Let t be (1 + 0 - 3)*-1*(-39)/6. What is r(t)?
-6
Let d(